ulate the remainder when o is divided by 5.
4
Let h be 201/7 + (-2)/(-7). Let q = -12 + h. Suppose -5*n + 4*n + q = 0. Calculate the remainder when 49 is divided by n.
15
Let a(s) = s**2 + 9*s + 9. Calculate the remainder when 44 is divided by a(-9).
8
Suppose 2*g + 15 - 53 = 0. Let t = g - 6. Calculate the remainder when t is divided by 7.
6
Let w = 21 + -15. Let f = w + 5. Calculate the remainder when f is divided by 3.
2
Let a(n) = n**3 - 5*n**2 - 3*n - 7. Calculate the remainder when a(6) is divided by 6.
5
Let l(d) = -d**3 - 2*d**2 - d - 2. Let y be l(-2). Suppose -4*x + 2*a + 144 = -0*x, 5*x - 3*a - 181 = y. What is the remainder when x is divided by 9?
8
Suppose 5*p - 2*y = -0*y + 78, 2*y + 50 = 3*p. Let m = 132 + -92. What is the remainder when m is divided by p?
12
Suppose 0*w = 3*w - 300. Suppose 0 = -3*r + 7*r - w. What is the remainder when r is divided by 7?
4
Let a be 3/((-9)/(-60)) + 1. Let x = 5 + a. Calculate the remainder when x is divided by 9.
8
Suppose j = 5 + 1. What is the remainder when 22 is divided by j?
4
Suppose 7*p = 148 + 41. Suppose -l = -4 - 10. Calculate the remainder when p is divided by l.
13
Let u = -15 + 26. What is the remainder when 0 + 0/(-3) - -47 is divided by (-4)/(0 + -4) + u?
11
Let s = -3 + 7. Suppose -2*j - 1 = -3*j + 4*n, 0 = 3*j + s*n - 51. What is the remainder when j is divided by 5?
3
Let u(r) = r**2 - 3*r - 3. Let d be u(3). Suppose 0*c - 6 = -3*i + c, -5*c = i - 2. Calculate the remainder when ((-2)/d)/(i/111) is divided by 13.
11
Let x(u) = -u**2 + 10*u - 7. Let k(g) = -g + 9. Let m be k(8). Let t(h) = 34*h**3 + h - 1. Calculate the remainder when t(m) is divided by x(5).
16
Let n(b) = b**3 + 7*b**2 - 23*b - 14. What is the remainder when n(-9) is divided by 16?
15
Let l be (6/2 - 3)*1. Suppose 4*o = -4*t + 4 + 12, l = -2*o - 4*t. Calculate the remainder when 14 is divided by o.
6
Let t be ((-6)/(-5))/(6/90). What is the remainder when 15 is divided by (-32)/(-24)*t/4?
3
Let z(d) = 2*d**2 - 3*d + 3. Let w be z(4). Suppose -3*l = 4*s - 61, 3*l + 2*s - 62 = -3*s. What is the remainder when (-10)/(-4)*(w - 1) is divided by l?
17
Let p(t) = -3*t + 39. What is the remainder when 70 is divided by p(9)?
10
Let f(c) = 6*c**2 + 9*c - 32. Calculate the remainder when f(4) is divided by 34.
32
Let t = -74 - -122. What is the remainder when t is divided by 25?
23
Let d(b) = -b**2 - 9*b + 6. What is the remainder when 21 is divided by d(-9)?
3
Let d(x) = 5*x**2 + 3*x - 6. What is the remainder when d(2) is divided by 8?
4
Let w(m) = m**2 - 3*m - 4. Let g be w(5). Calculate the remainder when 23 - 0*(-3)/g is divided by 12.
11
Suppose 3*j = -2*j + 40. Let c(h) = h**2 - 3*h - 3. Calculate the remainder when c(j) is divided by 13.
11
Let z(j) = 7*j**3 - j. Let v = 3 - 2. What is the remainder when 96/(-9)*(-6)/4 is divided by z(v)?
4
Let j be -5 - (-5 + 0 + 3). Let z(t) = -t**3 - t**2 + 2*t - 2. Let f(u) = -3*u + 3. What is the remainder when f(-8) is divided by z(j)?
7
Let r = -1 - -15. What is the remainder when r is divided by 5?
4
What is the remainder when (-2)/(-5) + 0 + (-399)/(-15) is divided by 17?
10
What is the remainder when (-6 + 19)/((-2)/8*-2) is divided by 10?
6
Suppose 0 = -4*q + 5*r, -2*q - 3*r = -5*q. Suppose q = j + 3 - 6. Suppose j*y = 15, -3*y + 99 = 6*d - 2*d. Calculate the remainder when 39 is divided by d.
18
Suppose 16 = f + 2*j, 4*f = 6*j - 2*j + 76. Calculate the remainder when 4956/147 + (-4)/(-14) + 0 is divided by f.
16
Let m = -6 + 7. Let x(o) = 3*o**2. What is the remainder when 7 is divided by x(m)?
1
Let l = -23 - -69. What is the remainder when l is divided by 16?
14
Suppose 2*b + 2*p = p - 56, -3*b - 62 = -4*p. Let u = -18 - b. Calculate the remainder when 14 is divided by u.
6
Suppose -d = 3*d - 2*u - 54, 0 = -4*d - 4*u + 36. Let x = 36 - d. Let n = 28 + -19. What is the remainder when x is divided by n?
6
Suppose -6*a + a + 85 = 2*s, 0 = 2*s - 2*a - 120. Calculate the remainder when s is divided by 22.
11
Let j(t) = t**2 + 2*t - 1. Let b = -4 - -28. What is the remainder when j(6) is divided by b?
23
What is the remainder when 38 is divided by (-640)/(-112)*7/2?
18
Let o(c) = c**2 - 2*c + 4. Let v be o(5). Let w = v - 2. Suppose -5*l - 3*p + 0*p + 3 = 0, -3*l + 2*p = -w. What is the remainder when 4 is divided by l?
1
Let n(z) = z**3 + 6*z**2 - 9*z + 10. Let t(f) = f**2 - 7*f + 5. Let d be t(4). What is the remainder when 71 is divided by n(d)?
23
Suppose 0 = 2*b - 6*b + 3*g + 45, g = 3*b - 35. Suppose -5*i + 5 = -5*j + 15, 0 = 4*j - 3*i - 13. Calculate the remainder when b is divided by j.
5
Let u = 45 + -34. Calculate the remainder when 30 is divided by u.
8
Suppose -4*c + j + 102 = -j, j + 129 = 5*c. Let z(k) = -k + 10. Let m be z(7). Let p(d) = d**2 - d + 1. Calculate the remainder when c is divided by p(m).
5
Let d(l) = -l**2 + 9*l + 13. Let c be d(10). Suppose -a = c*a - 24. Calculate the remainder when 11 is divided by a.
5
Let j = 18 - 4. Let q = j + -7. What is the remainder when 12 is divided by q?
5
Let d be (6/(-5))/((-16)/40). Suppose -3*z = -0*z - d. Calculate the remainder when 1 is divided by z.
0
Let d(h) = h**3 - 16*h**2 + 14*h + 20. Let l(x) = -x**3 + x**2 - x + 1. Let u(f) = d(f) + 2*l(f). What is the remainder when u(-15) is divided by 23?
21
Suppose 4*c = 2*c + 10. Suppose -c*t + 131 = -84. What is the remainder when t is divided by 15?
13
Let x be (4 - 8) + 169 + 0. Suppose -5*f = 5*m - x, 2*f + 2*f = -3*m + 95. What is the remainder when 73 is divided by m?
36
Let a be (9/(-15))/((-3)/15). Suppose 0 = -5*l + k + 84, a*k - 17 - 20 = -2*l. Calculate the remainder when l is divided by 10.
7
Let w = -1 - -3. Suppose 0*o + 20 = w*o. What is the remainder when 18 is divided by o?
8
Suppose -4*y = -8*y + 4. Let p(j) = -j**3 + 6*j**2 - 4*j + 1. Let v be p(5). What is the remainder when (v/(-9))/(2/(-6)) is divided by y?
0
Let x(i) be the first derivative of 7*i**4/4 - 2*i**3/3 + i**2 + 2*i + 4. Calculate the remainder when x(2) is divided by 14.
12
Let l(j) = 7*j**2 + 0 - j + 0*j + j**3 + 1. Suppose -120 = t - 134. Calculate the remainder when l(-3) is divided by t.
12
Let o = -4 + 19. Suppose -f - 6*t + 45 = -2*t, f - 2*t = o. What is the remainder when f is divided by 9?
7
Let m = -14 - -24. Suppose 0*j + 3*j - 114 = 0. What is the remainder when j is divided by m?
8
Calculate the remainder when ((-2)/(-4))/(2 - 563/282) is divided by 16.
13
Let t be ((-144)/7)/4*-7. Let p = t + -9. What is the remainder when p is divided by 14?
13
Suppose -2*m - 18 = -4*y, m - 5*y + 9 = -0. Let w(d) = -d - 6. What is the remainder when 9 is divided by w(m)?
0
Let o(u) = u**2 - 2*u - 6. What is the remainder when o(5) is divided by (-14 + 4)*2/(-5)?
1
Let v(h) = 4*h - 3. Let r(i) = -i**2 + 7*i - 6. Let n(b) = -2*r(b) + 5*v(b). Calculate the remainder when 65 is divided by n(-5).
14
Suppose -q + 21 = 3*u, -3*q - 2*u = -5*q + 42. Suppose 0 = -4*r - r + 310. What is the remainder when r is divided by q?
20
Suppose 33 = 6*n - 3*n. What is the remainder when n is divided by 9?
2
Suppose 3*a + 2*a - 4*i - 290 = 0, -4*a = i - 232. What is the remainder when a is divided by (5/(-10) - 1)*-10?
13
Let d(w) = w**3 - 8*w**2 + 11. Calculate the remainder when 20 is divided by d(8).
9
Let o = -2 + -5. Let s(y) be the first derivative of -2*y**2 + 3*y - 3. Calculate the remainder when s(o) is divided by 11.
9
Let j(f) = -3*f - 21. Let v be j(-10). Suppose -2*p = -v*p + 196. Let h(r) = -82*r**3 - r**2 + 1. Calculate the remainder when h(-1) is divided by p.
26
Let t be (2 + (-2 - 1))*67. Let i = -110 - t. Let x = i + 73. What is the remainder when x is divided by 16?
14
Let m(w) = w**3 + 10*w**2 + 10*w + 2. Let q be m(-9). Let d(x) = -x**3 - 6*x**2 + 4*x - 2. Calculate the remainder when 54 is divided by d(q).
16
Let t be (24/10)/((-3)/10). What is the remainder when 405/12 + (-2)/t is divided by (-23)/(-2) - (-1)/2?
10
Suppose 5*n + 3 = -7. What is the remainder when -2 + (-60)/(n*1) is divided by 28/2 - (-1 + 0)?
13
Let f(a) = -a**3 + 5*a**2 + a + 2. What is the remainder when f(5) is divided by 5?
2
Suppose 3*b - 63 = -2*p, -3*p - b = -0*b - 77. Calculate the remainder when 117 is divided by p.
21
What is the remainder when 136 is divided by 1334/38 - 8/76?
31
What is the r